{"id":59,"date":"2018-06-01T22:39:01","date_gmt":"2018-06-01T22:39:01","guid":{"rendered":"http:\/\/szekertransz.hu\/worldpress\/?page_id=59"},"modified":"2024-01-15T14:20:10","modified_gmt":"2024-01-15T14:20:10","slug":"cegunkrol","status":"publish","type":"page","link":"https:\/\/szekertransz.hu\/worldpress\/","title":{"rendered":"C\u00e9g\u00fcnkr\u0151l"},"content":{"rendered":"<p>C\u00e9g\u00fcnk 1999-ben alakult csal\u00e1di v\u00e1llalkoz\u00e1sk\u00e9nt. Kezdetben turista, belf\u00f6ldi- \u00e9s k\u00fclf\u00f6ldi utaz\u00e1sokat vezett\u00fcnk, legnagyobb r\u00e9szben a <a href=\"https:\/\/haristravel.hu\/\">Haris Travel Club<\/a> valamint a <a href=\"https:\/\/www.prokotravel.hu\/\">Proko Travel<\/a> megb\u00edz\u00e1s\u00e1b\u00f3l. Jelenleg 5 aut\u00f3busszal dolgozunk, ezek k\u00f6z\u00fcl 3 nemzetk\u00f6zi forgalmat is bonyol\u00edt.<\/p>\n<p>&nbsp;<\/p>\n<h1>Szolg\u00e1ltat\u00e1saink<\/h1>\n<ul>\n<li>k\u00fclf\u00f6ldi utaz\u00e1sok<\/li>\n<li>belf\u00f6ldi utaz\u00e1sok<\/li>\n<li>j\u00e1rm\u0171b\u00e9rl\u00e9s<\/li>\n<li>utaz\u00e1s szervez\u00e9s<\/li>\n<li>oszt\u00e1lykir\u00e1ndul\u00e1sok<\/li>\n<\/ul>\n<h1><\/h1>\n<h1 class=\"title-page\">Erre j\u00e1rtunk<\/h1>\n<p><a href=\"https:\/\/szekertransz.hu\/worldpress\/wp-content\/uploads\/2024\/01\/MapChart_Map-scaled.jpg\"><img loading=\"lazy\" decoding=\"async\" class=\"wp-image-172 size-large aligncenter\" src=\"https:\/\/szekertransz.hu\/worldpress\/wp-content\/uploads\/2024\/01\/MapChart_Map-892x1024.jpg\" alt=\"\" width=\"640\" height=\"735\" srcset=\"https:\/\/szekertransz.hu\/worldpress\/wp-content\/uploads\/2024\/01\/MapChart_Map-892x1024.jpg 892w, https:\/\/szekertransz.hu\/worldpress\/wp-content\/uploads\/2024\/01\/MapChart_Map-261x300.jpg 261w, https:\/\/szekertransz.hu\/worldpress\/wp-content\/uploads\/2024\/01\/MapChart_Map-768x882.jpg 768w, https:\/\/szekertransz.hu\/worldpress\/wp-content\/uploads\/2024\/01\/MapChart_Map-1337x1536.jpg 1337w, https:\/\/szekertransz.hu\/worldpress\/wp-content\/uploads\/2024\/01\/MapChart_Map-1783x2048.jpg 1783w\" sizes=\"(max-width: 640px) 100vw, 640px\" \/><\/a><\/p>\n<p>&nbsp;<\/p>\n<div id='gallery-1' class='gallery galleryid-59 gallery-columns-5 gallery-size-thumbnail'><figure class='gallery-item'>\n\t\t\t<div class='gallery-icon landscape'>\n\t\t\t\t<a href='https:\/\/szekertransz.hu\/worldpress\/wp-content\/uploads\/2018\/06\/img1.jpg'><img loading=\"lazy\" decoding=\"async\" width=\"150\" height=\"150\" src=\"https:\/\/szekertransz.hu\/worldpress\/wp-content\/uploads\/2018\/06\/img1-150x150.jpg\" class=\"attachment-thumbnail size-thumbnail\" alt=\"\" \/><\/a>\n\t\t\t<\/div><\/figure><figure class='gallery-item'>\n\t\t\t<div class='gallery-icon portrait'>\n\t\t\t\t<a href='https:\/\/szekertransz.hu\/worldpress\/wp-content\/uploads\/2018\/06\/img2.jpg'><img loading=\"lazy\" decoding=\"async\" width=\"150\" height=\"150\" src=\"https:\/\/szekertransz.hu\/worldpress\/wp-content\/uploads\/2018\/06\/img2-150x150.jpg\" class=\"attachment-thumbnail size-thumbnail\" alt=\"\" \/><\/a>\n\t\t\t<\/div><\/figure><figure class='gallery-item'>\n\t\t\t<div class='gallery-icon landscape'>\n\t\t\t\t<a href='https:\/\/szekertransz.hu\/worldpress\/wp-content\/uploads\/2018\/06\/img3.jpg'><img loading=\"lazy\" decoding=\"async\" width=\"150\" height=\"150\" src=\"https:\/\/szekertransz.hu\/worldpress\/wp-content\/uploads\/2018\/06\/img3-150x150.jpg\" class=\"attachment-thumbnail size-thumbnail\" alt=\"\" \/><\/a>\n\t\t\t<\/div><\/figure><figure class='gallery-item'>\n\t\t\t<div class='gallery-icon landscape'>\n\t\t\t\t<a href='https:\/\/szekertransz.hu\/worldpress\/wp-content\/uploads\/2018\/06\/IMG_0023.jpg'><img loading=\"lazy\" decoding=\"async\" width=\"150\" height=\"150\" src=\"https:\/\/szekertransz.hu\/worldpress\/wp-content\/uploads\/2018\/06\/IMG_0023-150x150.jpg\" class=\"attachment-thumbnail size-thumbnail\" alt=\"\" \/><\/a>\n\t\t\t<\/div><\/figure><figure class='gallery-item'>\n\t\t\t<div class='gallery-icon landscape'>\n\t\t\t\t<a href='https:\/\/szekertransz.hu\/worldpress\/wp-content\/uploads\/2018\/06\/IMG_0032.jpg'><img loading=\"lazy\" decoding=\"async\" width=\"150\" height=\"150\" src=\"https:\/\/szekertransz.hu\/worldpress\/wp-content\/uploads\/2018\/06\/IMG_0032-150x150.jpg\" class=\"attachment-thumbnail size-thumbnail\" alt=\"\" \/><\/a>\n\t\t\t<\/div><\/figure><figure class='gallery-item'>\n\t\t\t<div class='gallery-icon landscape'>\n\t\t\t\t<a href='https:\/\/szekertransz.hu\/worldpress\/wp-content\/uploads\/2018\/06\/IMG_0054.jpg'><img loading=\"lazy\" decoding=\"async\" width=\"150\" height=\"150\" src=\"https:\/\/szekertransz.hu\/worldpress\/wp-content\/uploads\/2018\/06\/IMG_0054-150x150.jpg\" class=\"attachment-thumbnail size-thumbnail\" alt=\"\" \/><\/a>\n\t\t\t<\/div><\/figure><figure class='gallery-item'>\n\t\t\t<div class='gallery-icon landscape'>\n\t\t\t\t<a href='https:\/\/szekertransz.hu\/worldpress\/wp-content\/uploads\/2018\/06\/IMG_0078.jpg'><img loading=\"lazy\" decoding=\"async\" width=\"150\" height=\"150\" src=\"https:\/\/szekertransz.hu\/worldpress\/wp-content\/uploads\/2018\/06\/IMG_0078-150x150.jpg\" class=\"attachment-thumbnail size-thumbnail\" alt=\"\" \/><\/a>\n\t\t\t<\/div><\/figure><figure class='gallery-item'>\n\t\t\t<div class='gallery-icon landscape'>\n\t\t\t\t<a href='https:\/\/szekertransz.hu\/worldpress\/wp-content\/uploads\/2018\/06\/IMG_0080.jpg'><img loading=\"lazy\" decoding=\"async\" width=\"150\" height=\"150\" src=\"https:\/\/szekertransz.hu\/worldpress\/wp-content\/uploads\/2018\/06\/IMG_0080-150x150.jpg\" class=\"attachment-thumbnail size-thumbnail\" alt=\"\" \/><\/a>\n\t\t\t<\/div><\/figure><figure class='gallery-item'>\n\t\t\t<div class='gallery-icon landscape'>\n\t\t\t\t<a href='https:\/\/szekertransz.hu\/worldpress\/wp-content\/uploads\/2018\/06\/IMG_0106m.jpg'><img loading=\"lazy\" decoding=\"async\" width=\"150\" height=\"150\" src=\"https:\/\/szekertransz.hu\/worldpress\/wp-content\/uploads\/2018\/06\/IMG_0106m-150x150.jpg\" class=\"attachment-thumbnail size-thumbnail\" alt=\"\" \/><\/a>\n\t\t\t<\/div><\/figure><figure class='gallery-item'>\n\t\t\t<div class='gallery-icon landscape'>\n\t\t\t\t<a href='https:\/\/szekertransz.hu\/worldpress\/wp-content\/uploads\/2018\/06\/IMG_0250.jpg'><img loading=\"lazy\" decoding=\"async\" width=\"150\" height=\"150\" src=\"https:\/\/szekertransz.hu\/worldpress\/wp-content\/uploads\/2018\/06\/IMG_0250-150x150.jpg\" class=\"attachment-thumbnail size-thumbnail\" alt=\"\" \/><\/a>\n\t\t\t<\/div><\/figure><figure class='gallery-item'>\n\t\t\t<div class='gallery-icon landscape'>\n\t\t\t\t<a href='https:\/\/szekertransz.hu\/worldpress\/wp-content\/uploads\/2018\/06\/IMG_0263.jpg'><img loading=\"lazy\" decoding=\"async\" width=\"150\" height=\"150\" src=\"https:\/\/szekertransz.hu\/worldpress\/wp-content\/uploads\/2018\/06\/IMG_0263-150x150.jpg\" class=\"attachment-thumbnail size-thumbnail\" alt=\"\" \/><\/a>\n\t\t\t<\/div><\/figure><figure class='gallery-item'>\n\t\t\t<div class='gallery-icon landscape'>\n\t\t\t\t<a href='https:\/\/szekertransz.hu\/worldpress\/wp-content\/uploads\/2022\/08\/20220526_173907-scaled.jpg'><img loading=\"lazy\" decoding=\"async\" width=\"150\" height=\"150\" src=\"https:\/\/szekertransz.hu\/worldpress\/wp-content\/uploads\/2022\/08\/20220526_173907-150x150.jpg\" class=\"attachment-thumbnail size-thumbnail\" alt=\"\" \/><\/a>\n\t\t\t<\/div><\/figure><figure class='gallery-item'>\n\t\t\t<div class='gallery-icon landscape'>\n\t\t\t\t<a href='https:\/\/szekertransz.hu\/worldpress\/wp-content\/uploads\/2022\/08\/20220621_112329-scaled.jpg'><img loading=\"lazy\" decoding=\"async\" width=\"150\" height=\"150\" src=\"https:\/\/szekertransz.hu\/worldpress\/wp-content\/uploads\/2022\/08\/20220621_112329-150x150.jpg\" class=\"attachment-thumbnail size-thumbnail\" alt=\"\" \/><\/a>\n\t\t\t<\/div><\/figure><figure class='gallery-item'>\n\t\t\t<div class='gallery-icon landscape'>\n\t\t\t\t<a href='https:\/\/szekertransz.hu\/worldpress\/wp-content\/uploads\/2022\/08\/20220623_173609-scaled.jpg'><img loading=\"lazy\" decoding=\"async\" width=\"150\" height=\"150\" src=\"https:\/\/szekertransz.hu\/worldpress\/wp-content\/uploads\/2022\/08\/20220623_173609-150x150.jpg\" class=\"attachment-thumbnail size-thumbnail\" alt=\"\" \/><\/a>\n\t\t\t<\/div><\/figure><figure class='gallery-item'>\n\t\t\t<div class='gallery-icon landscape'>\n\t\t\t\t<a href='https:\/\/szekertransz.hu\/worldpress\/wp-content\/uploads\/2022\/08\/20220704_181346-scaled.jpg'><img loading=\"lazy\" decoding=\"async\" width=\"150\" height=\"150\" src=\"https:\/\/szekertransz.hu\/worldpress\/wp-content\/uploads\/2022\/08\/20220704_181346-150x150.jpg\" class=\"attachment-thumbnail size-thumbnail\" alt=\"\" \/><\/a>\n\t\t\t<\/div><\/figure><figure class='gallery-item'>\n\t\t\t<div class='gallery-icon landscape'>\n\t\t\t\t<a href='https:\/\/szekertransz.hu\/worldpress\/wp-content\/uploads\/2022\/08\/20220706_102821-scaled.jpg'><img loading=\"lazy\" decoding=\"async\" width=\"150\" height=\"150\" src=\"https:\/\/szekertransz.hu\/worldpress\/wp-content\/uploads\/2022\/08\/20220706_102821-150x150.jpg\" class=\"attachment-thumbnail size-thumbnail\" alt=\"\" \/><\/a>\n\t\t\t<\/div><\/figure><figure class='gallery-item'>\n\t\t\t<div class='gallery-icon landscape'>\n\t\t\t\t<a href='https:\/\/szekertransz.hu\/worldpress\/wp-content\/uploads\/2022\/08\/20220707_145328-scaled.jpg'><img loading=\"lazy\" decoding=\"async\" width=\"150\" height=\"150\" src=\"https:\/\/szekertransz.hu\/worldpress\/wp-content\/uploads\/2022\/08\/20220707_145328-150x150.jpg\" class=\"attachment-thumbnail size-thumbnail\" alt=\"\" \/><\/a>\n\t\t\t<\/div><\/figure><figure class='gallery-item'>\n\t\t\t<div class='gallery-icon landscape'>\n\t\t\t\t<a href='https:\/\/szekertransz.hu\/worldpress\/wp-content\/uploads\/2022\/08\/20220712_132842-scaled.jpg'><img loading=\"lazy\" decoding=\"async\" width=\"150\" height=\"150\" src=\"https:\/\/szekertransz.hu\/worldpress\/wp-content\/uploads\/2022\/08\/20220712_132842-150x150.jpg\" class=\"attachment-thumbnail size-thumbnail\" alt=\"\" \/><\/a>\n\t\t\t<\/div><\/figure><figure class='gallery-item'>\n\t\t\t<div class='gallery-icon landscape'>\n\t\t\t\t<a href='https:\/\/szekertransz.hu\/worldpress\/wp-content\/uploads\/2022\/08\/20220714_103258-scaled.jpg'><img loading=\"lazy\" decoding=\"async\" width=\"150\" height=\"150\" src=\"https:\/\/szekertransz.hu\/worldpress\/wp-content\/uploads\/2022\/08\/20220714_103258-150x150.jpg\" class=\"attachment-thumbnail size-thumbnail\" alt=\"\" \/><\/a>\n\t\t\t<\/div><\/figure><figure class='gallery-item'>\n\t\t\t<div class='gallery-icon landscape'>\n\t\t\t\t<a href='https:\/\/szekertransz.hu\/worldpress\/wp-content\/uploads\/2022\/08\/20220714_125153-scaled.jpg'><img loading=\"lazy\" decoding=\"async\" width=\"150\" height=\"150\" src=\"https:\/\/szekertransz.hu\/worldpress\/wp-content\/uploads\/2022\/08\/20220714_125153-150x150.jpg\" class=\"attachment-thumbnail size-thumbnail\" alt=\"\" \/><\/a>\n\t\t\t<\/div><\/figure><figure class='gallery-item'>\n\t\t\t<div class='gallery-icon landscape'>\n\t\t\t\t<a href='https:\/\/szekertransz.hu\/worldpress\/wp-content\/uploads\/2022\/08\/20220715_161959-scaled.jpg'><img loading=\"lazy\" decoding=\"async\" width=\"150\" height=\"150\" src=\"https:\/\/szekertransz.hu\/worldpress\/wp-content\/uploads\/2022\/08\/20220715_161959-150x150.jpg\" class=\"attachment-thumbnail size-thumbnail\" alt=\"\" \/><\/a>\n\t\t\t<\/div><\/figure><figure class='gallery-item'>\n\t\t\t<div class='gallery-icon portrait'>\n\t\t\t\t<a href='https:\/\/szekertransz.hu\/worldpress\/wp-content\/uploads\/2022\/08\/20220721_082435-scaled.jpg'><img loading=\"lazy\" decoding=\"async\" width=\"150\" height=\"150\" src=\"https:\/\/szekertransz.hu\/worldpress\/wp-content\/uploads\/2022\/08\/20220721_082435-150x150.jpg\" class=\"attachment-thumbnail size-thumbnail\" alt=\"\" \/><\/a>\n\t\t\t<\/div><\/figure><figure class='gallery-item'>\n\t\t\t<div class='gallery-icon portrait'>\n\t\t\t\t<a href='https:\/\/szekertransz.hu\/worldpress\/wp-content\/uploads\/2022\/08\/20220810_175652-scaled.jpg'><img loading=\"lazy\" decoding=\"async\" width=\"150\" height=\"150\" src=\"https:\/\/szekertransz.hu\/worldpress\/wp-content\/uploads\/2022\/08\/20220810_175652-150x150.jpg\" class=\"attachment-thumbnail size-thumbnail\" alt=\"\" \/><\/a>\n\t\t\t<\/div><\/figure><figure class='gallery-item'>\n\t\t\t<div class='gallery-icon portrait'>\n\t\t\t\t<a href='https:\/\/szekertransz.hu\/worldpress\/wp-content\/uploads\/2022\/08\/20220812_111952-scaled.jpg'><img loading=\"lazy\" decoding=\"async\" width=\"150\" height=\"150\" src=\"https:\/\/szekertransz.hu\/worldpress\/wp-content\/uploads\/2022\/08\/20220812_111952-150x150.jpg\" class=\"attachment-thumbnail size-thumbnail\" alt=\"\" \/><\/a>\n\t\t\t<\/div><\/figure><figure class='gallery-item'>\n\t\t\t<div class='gallery-icon landscape'>\n\t\t\t\t<a href='https:\/\/szekertransz.hu\/worldpress\/wp-content\/uploads\/2022\/08\/20220812_183327-scaled.jpg'><img loading=\"lazy\" decoding=\"async\" width=\"150\" height=\"150\" src=\"https:\/\/szekertransz.hu\/worldpress\/wp-content\/uploads\/2022\/08\/20220812_183327-150x150.jpg\" class=\"attachment-thumbnail size-thumbnail\" alt=\"\" \/><\/a>\n\t\t\t<\/div><\/figure>\n\t\t<\/div>\n\n","protected":false},"excerpt":{"rendered":"<p>C\u00e9g\u00fcnk 1999-ben alakult csal\u00e1di v\u00e1llalkoz\u00e1sk\u00e9nt. Kezdetben turista, belf\u00f6ldi- \u00e9s k\u00fclf\u00f6ldi utaz\u00e1sokat vezett\u00fcnk, legnagyobb r\u00e9szben a Haris Travel Club valamint a Proko Travel megb\u00edz\u00e1s\u00e1b\u00f3l. Jelenleg 5 aut\u00f3busszal dolgozunk, ezek k\u00f6z\u00fcl 3 nemzetk\u00f6zi forgalmat is bonyol\u00edt. &nbsp; Szolg\u00e1ltat\u00e1saink k\u00fclf\u00f6ldi utaz\u00e1sok belf\u00f6ldi utaz\u00e1sok j\u00e1rm\u0171b\u00e9rl\u00e9s utaz\u00e1s szervez\u00e9s oszt\u00e1lykir\u00e1ndul\u00e1sok Erre j\u00e1rtunk &nbsp;<\/p>\n","protected":false},"author":1,"featured_media":0,"parent":0,"menu_order":0,"comment_status":"closed","ping_status":"closed","template":"","meta":{"_monsterinsights_skip_tracking":false,"_monsterinsights_sitenote_active":false,"_monsterinsights_sitenote_note":"","_monsterinsights_sitenote_category":0,"footnotes":""},"_links":{"self":[{"href":"https:\/\/szekertransz.hu\/worldpress\/index.php?rest_route=\/wp\/v2\/pages\/59"}],"collection":[{"href":"https:\/\/szekertransz.hu\/worldpress\/index.php?rest_route=\/wp\/v2\/pages"}],"about":[{"href":"https:\/\/szekertransz.hu\/worldpress\/index.php?rest_route=\/wp\/v2\/types\/page"}],"author":[{"embeddable":true,"href":"https:\/\/szekertransz.hu\/worldpress\/index.php?rest_route=\/wp\/v2\/users\/1"}],"replies":[{"embeddable":true,"href":"https:\/\/szekertransz.hu\/worldpress\/index.php?rest_route=%2Fwp%2Fv2%2Fcomments&post=59"}],"version-history":[{"count":6,"href":"https:\/\/szekertransz.hu\/worldpress\/index.php?rest_route=\/wp\/v2\/pages\/59\/revisions"}],"predecessor-version":[{"id":173,"href":"https:\/\/szekertransz.hu\/worldpress\/index.php?rest_route=\/wp\/v2\/pages\/59\/revisions\/173"}],"wp:attachment":[{"href":"https:\/\/szekertransz.hu\/worldpress\/index.php?rest_route=%2Fwp%2Fv2%2Fmedia&parent=59"}],"curies":[{"name":"wp","href":"https:\/\/api.w.org\/{rel}","templated":true}]}}