{"id":46,"date":"2018-06-01T22:02:29","date_gmt":"2018-06-01T22:02:29","guid":{"rendered":"http:\/\/szekertransz.hu\/worldpress\/?page_id=46"},"modified":"2022-09-04T22:18:23","modified_gmt":"2022-09-04T22:18:23","slug":"elerhetosegeink","status":"publish","type":"page","link":"https:\/\/szekertransz.hu\/worldpress\/?page_id=46","title":{"rendered":"El\u00e9rhet\u0151s\u00e9geink"},"content":{"rendered":"<p>c\u00edm: H-2118 D\u00e1ny, F\u0151 u. 8<\/p>\n<p>telefon (9 \u00e9s 17 \u00f3ra k\u00f6z\u00f6tt hivhat\u00f3. Taxiz\u00e1st nem v\u00e1llalunk.):<br \/>\n(+36) 70 953 0242<\/p>\n<p>fax:<br \/>\n(+36) 28 465 350<\/p>\n<p>e-mail:<br \/>\ninfo@szekertransz.hu<\/p>\n<p><iframe loading=\"lazy\" style=\"border: 0;\" src=\"https:\/\/www.google.com\/maps\/embed?pb=!1m18!1m12!1m3!1d2694.3928682876244!2d19.55175511590276!3d47.521213879179115!2m3!1f0!2f0!3f0!3m2!1i1024!2i768!4f13.1!3m3!1m2!1s0x4741b09a48de2afd%3A0x52e9e29da22ebb32!2sSzek%C3%A9r+Transz+99+Bt.!5e0!3m2!1sen!2shu!4v1527891013404\" width=\"600\" height=\"450\" frameborder=\"0\" allowfullscreen=\"allowfullscreen\"><\/iframe><\/p>\n<p><a href=\"http:\/\/szekertransz.hu\/worldpress\/wp-content\/uploads\/2018\/06\/adatkezelesi-es-adatvedelmi-szabalyzat-SZEKER-TRANSZ.pdf\">Szek\u00e9r-Transz 99 Bt. Aadatkezel\u00e9si \u00e9s adatv\u00e9delmi szab\u00e1lyzat<\/a><\/p>\n<p><a href=\"http:\/\/szekertransz.hu\/worldpress\/wp-content\/uploads\/2022\/09\/UZLETSZABALYZAT-VEGLEGES-2022..pdf\">A Szek\u00e9r-Transz 99 Bt. \u00fczletszab\u00e1lyzata.<\/a><\/p>\n","protected":false},"excerpt":{"rendered":"<p>c\u00edm: H-2118 D\u00e1ny, F\u0151 u. 8 telefon (9 \u00e9s 17 \u00f3ra k\u00f6z\u00f6tt hivhat\u00f3. Taxiz\u00e1st nem v\u00e1llalunk.): (+36) 70 953 0242 fax: (+36) 28 465 350 e-mail: info@szekertransz.hu Szek\u00e9r-Transz 99 Bt. Aadatkezel\u00e9si \u00e9s adatv\u00e9delmi szab\u00e1lyzat A Szek\u00e9r-Transz 99 Bt. \u00fczletszab\u00e1lyzata.<\/p>\n","protected":false},"author":1,"featured_media":0,"parent":0,"menu_order":0,"comment_status":"closed","ping_status":"closed","template":"","meta":{"_monsterinsights_skip_tracking":false,"_monsterinsights_sitenote_active":false,"_monsterinsights_sitenote_note":"","_monsterinsights_sitenote_category":0,"footnotes":""},"_links":{"self":[{"href":"https:\/\/szekertransz.hu\/worldpress\/index.php?rest_route=\/wp\/v2\/pages\/46"}],"collection":[{"href":"https:\/\/szekertransz.hu\/worldpress\/index.php?rest_route=\/wp\/v2\/pages"}],"about":[{"href":"https:\/\/szekertransz.hu\/worldpress\/index.php?rest_route=\/wp\/v2\/types\/page"}],"author":[{"embeddable":true,"href":"https:\/\/szekertransz.hu\/worldpress\/index.php?rest_route=\/wp\/v2\/users\/1"}],"replies":[{"embeddable":true,"href":"https:\/\/szekertransz.hu\/worldpress\/index.php?rest_route=%2Fwp%2Fv2%2Fcomments&post=46"}],"version-history":[{"count":6,"href":"https:\/\/szekertransz.hu\/worldpress\/index.php?rest_route=\/wp\/v2\/pages\/46\/revisions"}],"predecessor-version":[{"id":156,"href":"https:\/\/szekertransz.hu\/worldpress\/index.php?rest_route=\/wp\/v2\/pages\/46\/revisions\/156"}],"wp:attachment":[{"href":"https:\/\/szekertransz.hu\/worldpress\/index.php?rest_route=%2Fwp%2Fv2%2Fmedia&parent=46"}],"curies":[{"name":"wp","href":"https:\/\/api.w.org\/{rel}","templated":true}]}}